{"id":592,"date":"2019-01-04T16:14:50","date_gmt":"2019-01-04T15:14:50","guid":{"rendered":"https:\/\/www.coffeemakers.de\/infocenter_2\/?page_id=592"},"modified":"2025-02-26T10:42:53","modified_gmt":"2025-02-26T09:42:53","slug":"startseite","status":"publish","type":"page","link":"https:\/\/www.coffeemakers.de\/wpcm\/startseite\/","title":{"rendered":"Startseite"},"content":{"rendered":"\n<h1>Coffeemakers.de &#8211; Infocenter<\/h1>\n\n\n\n<div class=\"wp-block-columns is-layout-flex wp-container-core-columns-is-layout-9d6595d7 wp-block-columns-is-layout-flex\">\n<div class=\"wp-block-column is-layout-flow wp-block-column-is-layout-flow\">\n<figure class=\"wp-block-image size-large\"><a href=\"https:\/\/www.coffeemakers.de\/wpcm\/kaffeevollautomaten-reparieren-warten\/\"><img loading=\"lazy\" decoding=\"async\" width=\"320\" height=\"190\" src=\"https:\/\/www.coffeemakers.de\/wpcm\/wp-content\/uploads\/2020\/05\/wpcm-repar.jpg\" alt=\"\" class=\"wp-image-3910\" srcset=\"https:\/\/www.coffeemakers.de\/wpcm\/wp-content\/uploads\/2020\/05\/wpcm-repar.jpg 320w, https:\/\/www.coffeemakers.de\/wpcm\/wp-content\/uploads\/2020\/05\/wpcm-repar-300x178.jpg 300w\" sizes=\"auto, (max-width: 320px) 100vw, 320px\" \/><\/a><\/figure>\n\n\n<h2 class=\"has-text-align-center wp-block-heading\" id=\"reparaturanleitungen\"><a href=\"https:\/\/www.coffeemakers.de\/wpcm\/kaffeevollautomaten-reparieren-warten\/\">Reparaturanleitungen<\/a><\/h2>\n\n\n<p style=\"font-size:12px\">Wir stellen Ihnen Reparaturanleitungen zu vielen technischen Problemen aller g\u00e4ngigen Kaffeevollautomaten zur Verf\u00fcgung.<\/p>\n<\/div>\n\n\n\n<div class=\"wp-block-column is-layout-flow wp-block-column-is-layout-flow\">\n<figure class=\"wp-block-image size-large\"><a href=\"https:\/\/www.coffeemakers.de\/wpcm\/bedienungsanleitungen\/\"><img loading=\"lazy\" decoding=\"async\" width=\"320\" height=\"190\" src=\"https:\/\/www.coffeemakers.de\/wpcm\/wp-content\/uploads\/2020\/05\/wpcm-bedien.jpg\" alt=\"\" class=\"wp-image-3911\" srcset=\"https:\/\/www.coffeemakers.de\/wpcm\/wp-content\/uploads\/2020\/05\/wpcm-bedien.jpg 320w, https:\/\/www.coffeemakers.de\/wpcm\/wp-content\/uploads\/2020\/05\/wpcm-bedien-300x178.jpg 300w\" sizes=\"auto, (max-width: 320px) 100vw, 320px\" \/><\/a><\/figure>\n\n\n<h2 class=\"has-text-align-center wp-block-heading\" id=\"bedienungsanleitungen\"><a href=\"https:\/\/www.coffeemakers.de\/wpcm\/bedienungsanleitungen\/\">Bedienungsanleitungen<\/a><\/h2>\n\n\n<p class=\"has-small-font-size\"><p style=\"font-size:12px\">Sie haben die Bedienungsanleitung Ihres Kaffeevollautomaten verlegt? Kein Problem, sehen Sie einfach in unserem Archiv nach.<\/p><\/p>\n<\/div>\n\n\n\n<div class=\"wp-block-column is-layout-flow wp-block-column-is-layout-flow\">\n<figure class=\"wp-block-image size-large\"><img loading=\"lazy\" decoding=\"async\" width=\"320\" height=\"190\" src=\"https:\/\/www.coffeemakers.de\/wpcm\/wp-content\/uploads\/2020\/05\/wpcm-forum.jpg\" alt=\"\" class=\"wp-image-3912\" srcset=\"https:\/\/www.coffeemakers.de\/wpcm\/wp-content\/uploads\/2020\/05\/wpcm-forum.jpg 320w, https:\/\/www.coffeemakers.de\/wpcm\/wp-content\/uploads\/2020\/05\/wpcm-forum-300x178.jpg 300w\" sizes=\"auto, (max-width: 320px) 100vw, 320px\" \/><\/figure>\n\n\n<h2 class=\"has-text-align-center has-cyan-bluish-gray-color has-text-color wp-block-heading\" id=\"coffeemakers-forum\">Coffeemakers Forum<\/h2>\n\n\n<p class=\"has-small-font-size\"><p style=\"font-size:12px\">Leider steht Ihnen unser Forum bis auf Weiteres nicht mehr zur Verf\u00fcgung.<\/p><\/p>\n<\/div>\n<\/div>\n\n\n\n<div style=\"height:30px\" aria-hidden=\"true\" class=\"wp-block-spacer\"><\/div>\n\n\n\n<figure class=\"wp-block-image size-large\"><a href=\"https:\/\/www.coffeemakers.de\/\"><img loading=\"lazy\" decoding=\"async\" width=\"1000\" height=\"191\" src=\"https:\/\/www.coffeemakers.de\/wpcm\/wp-content\/uploads\/2020\/05\/wpcm-shop.jpg\" alt=\"\" class=\"wp-image-3915\" srcset=\"https:\/\/www.coffeemakers.de\/wpcm\/wp-content\/uploads\/2020\/05\/wpcm-shop.jpg 1000w, https:\/\/www.coffeemakers.de\/wpcm\/wp-content\/uploads\/2020\/05\/wpcm-shop-300x57.jpg 300w, https:\/\/www.coffeemakers.de\/wpcm\/wp-content\/uploads\/2020\/05\/wpcm-shop-768x147.jpg 768w\" sizes=\"auto, (max-width: 1000px) 100vw, 1000px\" \/><\/a><\/figure>\n\n\n<h2 class=\"has-text-align-center wp-block-heading\" id=\"onlineshop\"><a href=\"https:\/\/www.coffeemakers.de\/\">Online-Shop<\/a><\/h2>\n\n\n<p>Alles f\u00fcr Ihren Kaffeevollautomaten: Ersatzteile, Reinigung und Pflege, Zubeh\u00f6r und nat\u00fcrlich Kaffee. <\/p>\n\n\n\n<div style=\"height:50px\" aria-hidden=\"true\" class=\"wp-block-spacer\"><\/div>\n\n\n\n<div class=\"wp-block-columns is-layout-flex wp-container-core-columns-is-layout-9d6595d7 wp-block-columns-is-layout-flex\">\n<div class=\"wp-block-column is-layout-flow wp-block-column-is-layout-flow\">\n<figure class=\"wp-block-image size-large is-resized\"><a href=\"https:\/\/www.coffeemakers.de\/wpcm\/category\/kaffeevollautomat-faq-oft-gefragte-fragen-kaffeemaschine\/\"><img loading=\"lazy\" decoding=\"async\" src=\"https:\/\/www.coffeemakers.de\/wpcm\/wp-content\/uploads\/2020\/01\/faq.jpg\" alt=\"\" class=\"wp-image-3351\" width=\"450\" height=\"148\" srcset=\"https:\/\/www.coffeemakers.de\/wpcm\/wp-content\/uploads\/2020\/01\/faq.jpg 900w, https:\/\/www.coffeemakers.de\/wpcm\/wp-content\/uploads\/2020\/01\/faq-300x98.jpg 300w, https:\/\/www.coffeemakers.de\/wpcm\/wp-content\/uploads\/2020\/01\/faq-768x252.jpg 768w, https:\/\/www.coffeemakers.de\/wpcm\/wp-content\/uploads\/2020\/01\/faq-763x250.jpg 763w\" sizes=\"auto, (max-width: 450px) 100vw, 450px\" \/><\/a><\/figure>\n\n\n<h2 class=\"has-text-align-center wp-block-heading\" id=\"faqs-haeufige-fragen\"><a href=\"https:\/\/www.coffeemakers.de\/wpcm\/category\/kaffeevollautomat-faq-oft-gefragte-fragen-kaffeemaschine\/\">FAQs \/ H\u00e4ufige Fragen<\/a><\/h2>\n\n\n<p class=\"has-small-font-size\"><p style=\"font-size:12px\">Was bedeutet ein bestimmter Fehlercode? Was tun, wenn die Crema des Kaffees zu dunkel ist? Wir beantworten die h\u00e4ufigsten Fragen rund um Kaffee und Kaffeeautomaten.<\/p><\/p>\n<\/div>\n\n\n\n<div class=\"wp-block-column is-layout-flow wp-block-column-is-layout-flow\">\n<figure class=\"wp-block-image size-large is-resized\"><a href=\"https:\/\/www.coffeemakers.de\/wpcm\/glossar-kaffeevollautomaten\/\"><img loading=\"lazy\" decoding=\"async\" src=\"https:\/\/www.coffeemakers.de\/wpcm\/wp-content\/uploads\/2020\/01\/fachbegriffe.jpg\" alt=\"\" class=\"wp-image-3349\" width=\"450\" height=\"148\" srcset=\"https:\/\/www.coffeemakers.de\/wpcm\/wp-content\/uploads\/2020\/01\/fachbegriffe.jpg 900w, https:\/\/www.coffeemakers.de\/wpcm\/wp-content\/uploads\/2020\/01\/fachbegriffe-300x98.jpg 300w, https:\/\/www.coffeemakers.de\/wpcm\/wp-content\/uploads\/2020\/01\/fachbegriffe-768x252.jpg 768w, https:\/\/www.coffeemakers.de\/wpcm\/wp-content\/uploads\/2020\/01\/fachbegriffe-763x250.jpg 763w\" sizes=\"auto, (max-width: 450px) 100vw, 450px\" \/><\/a><\/figure>\n\n\n<h2 class=\"has-text-align-center wp-block-heading\" id=\"glossar-fachbegriffe\"><a href=\"https:\/\/www.coffeemakers.de\/wpcm\/glossar-kaffeevollautomaten\/\">Glossar \/ Fachbegriffe<\/a><\/h2>\n\n\n<p class=\"has-small-font-size\"><p style=\"font-size:12px\">In unserem Fachbegriffeglossar finden Sie Begriffe rund um Kaffeevollautomaten einfach erkl\u00e4rt.<\/p><\/p>\n<\/div>\n<\/div>\n\n\n\n<div style=\"height:30px\" aria-hidden=\"true\" class=\"wp-block-spacer\"><\/div>\n\n\n\n<figure class=\"wp-block-image size-large\"><a href=\"https:\/\/www.coffeemakers.de\/wpcm\/category\/coffeemakers-magazin\/\"><img loading=\"lazy\" decoding=\"async\" width=\"1000\" height=\"191\" src=\"https:\/\/www.coffeemakers.de\/wpcm\/wp-content\/uploads\/2020\/03\/cm-magazin-header.jpg\" alt=\"\" class=\"wp-image-3829\" srcset=\"https:\/\/www.coffeemakers.de\/wpcm\/wp-content\/uploads\/2020\/03\/cm-magazin-header.jpg 1000w, https:\/\/www.coffeemakers.de\/wpcm\/wp-content\/uploads\/2020\/03\/cm-magazin-header-300x57.jpg 300w, https:\/\/www.coffeemakers.de\/wpcm\/wp-content\/uploads\/2020\/03\/cm-magazin-header-768x147.jpg 768w\" sizes=\"auto, (max-width: 1000px) 100vw, 1000px\" \/><\/a><\/figure>\n\n\n<h2 class=\"has-text-align-center wp-block-heading\" id=\"coffeemakers-magazin\"><a href=\"https:\/\/www.coffeemakers.de\/wpcm\/category\/coffeemakers-magazin\/\">Coffeemakers Magazin<\/a><\/h2>\n\n\n<p class=\"has-small-font-size\"><p style=\"font-size:12px\"> Coffeemakers.de h\u00e4lt Sie auf dem Laufenden. Immer aktuell, informieren wir Sie \u00fcber Neuigkeiten und technische Entwicklungen bei Kaffeevollautomaten. <\/p><\/p>\n\n\n\n<div style=\"height:60px\" aria-hidden=\"true\" class=\"wp-block-spacer\"><\/div>\n","protected":false},"excerpt":{"rendered":"<p>Coffeemakers.de &#8211; Infocenter Reparaturanleitungen Wir stellen Ihnen Reparaturanleitungen zu vielen technischen Problemen aller g\u00e4ngigen Kaffeevollautomaten zur Verf\u00fcgung. Bedienungsanleitungen Sie haben die Bedienungsanleitung Ihres Kaffeevollautomaten verlegt? Kein Problem, sehen Sie einfach in unserem Archiv nach. Coffeemakers Forum Leider steht Ihnen unser Forum bis auf Weiteres nicht mehr zur Verf\u00fcgung. Online-Shop Alles f\u00fcr Ihren Kaffeevollautomaten: Ersatzteile, Reinigung und Pflege, Zubeh\u00f6r und nat\u00fcrlich Kaffee. FAQs \/ H\u00e4ufige Fragen Was bedeutet ein bestimmter Fehlercode? Was tun, wenn die Crema des Kaffees zu dunkel ist? Wir beantworten die h\u00e4ufigsten Fragen rund um Kaffee und Kaffeeautomaten. Glossar \/ Fachbegriffe In unserem Fachbegriffeglossar finden Sie Begriffe rund um Kaffeevollautomaten einfach erkl\u00e4rt. Coffeemakers Magazin Coffeemakers.de h\u00e4lt Sie auf dem Laufenden. Immer aktuell, informieren wir Sie \u00fcber Neuigkeiten und technische Entwicklungen bei Kaffeevollautomaten.<\/p>\n","protected":false},"author":1,"featured_media":0,"parent":0,"menu_order":0,"comment_status":"closed","ping_status":"closed","template":"","meta":{"footnotes":""},"class_list":["post-592","page","type-page","status-publish","hentry"],"yoast_head":"<!-- This site is optimized with the Yoast SEO plugin v27.3 - https:\/\/yoast.com\/product\/yoast-seo-wordpress\/ -->\n<title>Alles was Sie \u00fcber Kaffeevollautomaten wissen m\u00fcssen<\/title>\n<meta name=\"description\" content=\"Das Infocenter von Coffeemakers.de h\u00e4lt Reparatur- &amp; Bedienungsnaleitungen von Kaffeevollautomaten vor, sowie ein umfangreiches Forum und noch weit mehr.\" \/>\n<meta name=\"robots\" content=\"index, follow, max-snippet:-1, max-image-preview:large, max-video-preview:-1\" \/>\n<link rel=\"canonical\" href=\"https:\/\/www.coffeemakers.de\/wpcm\/startseite\/\" \/>\n<meta property=\"og:locale\" content=\"de_DE\" \/>\n<meta property=\"og:type\" content=\"article\" \/>\n<meta property=\"og:title\" content=\"Alles was Sie \u00fcber Kaffeevollautomaten wissen m\u00fcssen\" \/>\n<meta property=\"og:description\" content=\"Das Infocenter von Coffeemakers.de h\u00e4lt Reparatur- &amp; Bedienungsnaleitungen von Kaffeevollautomaten vor, sowie ein umfangreiches Forum und noch weit mehr.\" \/>\n<meta property=\"og:url\" content=\"https:\/\/www.coffeemakers.de\/wpcm\/startseite\/\" \/>\n<meta property=\"og:site_name\" content=\"Coffeemakers Magazin\" \/>\n<meta property=\"article:modified_time\" content=\"2025-02-26T09:42:53+00:00\" \/>\n<meta property=\"og:image\" content=\"https:\/\/www.coffeemakers.de\/wpcm\/wp-content\/uploads\/2020\/05\/wpcm-repar.jpg\" \/>\n<meta name=\"twitter:card\" content=\"summary_large_image\" \/>\n<meta name=\"twitter:label1\" content=\"Gesch\u00e4tzte Lesezeit\" \/>\n\t<meta name=\"twitter:data1\" content=\"3\u00a0Minuten\" \/>\n<script type=\"application\/ld+json\" class=\"yoast-schema-graph\">{\"@context\":\"https:\\\/\\\/schema.org\",\"@graph\":[{\"@type\":\"WebPage\",\"@id\":\"https:\\\/\\\/www.coffeemakers.de\\\/wpcm\\\/startseite\\\/\",\"url\":\"https:\\\/\\\/www.coffeemakers.de\\\/wpcm\\\/startseite\\\/\",\"name\":\"Alles was Sie \u00fcber Kaffeevollautomaten wissen m\u00fcssen\",\"isPartOf\":{\"@id\":\"https:\\\/\\\/www.coffeemakers.de\\\/wpcm\\\/#website\"},\"primaryImageOfPage\":{\"@id\":\"https:\\\/\\\/www.coffeemakers.de\\\/wpcm\\\/startseite\\\/#primaryimage\"},\"image\":{\"@id\":\"https:\\\/\\\/www.coffeemakers.de\\\/wpcm\\\/startseite\\\/#primaryimage\"},\"thumbnailUrl\":\"https:\\\/\\\/www.coffeemakers.de\\\/wpcm\\\/wp-content\\\/uploads\\\/2020\\\/05\\\/wpcm-repar.jpg\",\"datePublished\":\"2019-01-04T15:14:50+00:00\",\"dateModified\":\"2025-02-26T09:42:53+00:00\",\"description\":\"Das Infocenter von Coffeemakers.de h\u00e4lt Reparatur- & Bedienungsnaleitungen von Kaffeevollautomaten vor, sowie ein umfangreiches Forum und noch weit mehr.\",\"breadcrumb\":{\"@id\":\"https:\\\/\\\/www.coffeemakers.de\\\/wpcm\\\/startseite\\\/#breadcrumb\"},\"inLanguage\":\"de\",\"potentialAction\":[{\"@type\":\"ReadAction\",\"target\":[\"https:\\\/\\\/www.coffeemakers.de\\\/wpcm\\\/startseite\\\/\"]}]},{\"@type\":\"ImageObject\",\"inLanguage\":\"de\",\"@id\":\"https:\\\/\\\/www.coffeemakers.de\\\/wpcm\\\/startseite\\\/#primaryimage\",\"url\":\"https:\\\/\\\/www.coffeemakers.de\\\/wpcm\\\/wp-content\\\/uploads\\\/2020\\\/05\\\/wpcm-repar.jpg\",\"contentUrl\":\"https:\\\/\\\/www.coffeemakers.de\\\/wpcm\\\/wp-content\\\/uploads\\\/2020\\\/05\\\/wpcm-repar.jpg\",\"width\":320,\"height\":190},{\"@type\":\"BreadcrumbList\",\"@id\":\"https:\\\/\\\/www.coffeemakers.de\\\/wpcm\\\/startseite\\\/#breadcrumb\",\"itemListElement\":[{\"@type\":\"ListItem\",\"position\":1,\"name\":\"Startseite\",\"item\":\"https:\\\/\\\/www.coffeemakers.de\\\/wpcm\\\/\"},{\"@type\":\"ListItem\",\"position\":2,\"name\":\"Startseite\"}]},{\"@type\":\"WebSite\",\"@id\":\"https:\\\/\\\/www.coffeemakers.de\\\/wpcm\\\/#website\",\"url\":\"https:\\\/\\\/www.coffeemakers.de\\\/wpcm\\\/\",\"name\":\"Coffeemakers Magazin\",\"description\":\"\",\"publisher\":{\"@id\":\"https:\\\/\\\/www.coffeemakers.de\\\/wpcm\\\/#organization\"},\"potentialAction\":[{\"@type\":\"SearchAction\",\"target\":{\"@type\":\"EntryPoint\",\"urlTemplate\":\"https:\\\/\\\/www.coffeemakers.de\\\/wpcm\\\/?s={search_term_string}\"},\"query-input\":{\"@type\":\"PropertyValueSpecification\",\"valueRequired\":true,\"valueName\":\"search_term_string\"}}],\"inLanguage\":\"de\"},{\"@type\":\"Organization\",\"@id\":\"https:\\\/\\\/www.coffeemakers.de\\\/wpcm\\\/#organization\",\"name\":\"Coffeemakers Magazin\",\"url\":\"https:\\\/\\\/www.coffeemakers.de\\\/wpcm\\\/\",\"logo\":{\"@type\":\"ImageObject\",\"inLanguage\":\"de\",\"@id\":\"https:\\\/\\\/www.coffeemakers.de\\\/wpcm\\\/#\\\/schema\\\/logo\\\/image\\\/\",\"url\":\"https:\\\/\\\/www.coffeemakers.de\\\/wpcm\\\/wp-content\\\/uploads\\\/2023\\\/06\\\/coffeemakers-logo-2018.png\",\"contentUrl\":\"https:\\\/\\\/www.coffeemakers.de\\\/wpcm\\\/wp-content\\\/uploads\\\/2023\\\/06\\\/coffeemakers-logo-2018.png\",\"width\":2723,\"height\":2723,\"caption\":\"Coffeemakers Magazin\"},\"image\":{\"@id\":\"https:\\\/\\\/www.coffeemakers.de\\\/wpcm\\\/#\\\/schema\\\/logo\\\/image\\\/\"}}]}<\/script>\n<!-- \/ Yoast SEO plugin. -->","yoast_head_json":{"title":"Alles was Sie \u00fcber Kaffeevollautomaten wissen m\u00fcssen","description":"Das Infocenter von Coffeemakers.de h\u00e4lt Reparatur- & Bedienungsnaleitungen von Kaffeevollautomaten vor, sowie ein umfangreiches Forum und noch weit mehr.","robots":{"index":"index","follow":"follow","max-snippet":"max-snippet:-1","max-image-preview":"max-image-preview:large","max-video-preview":"max-video-preview:-1"},"canonical":"https:\/\/www.coffeemakers.de\/wpcm\/startseite\/","og_locale":"de_DE","og_type":"article","og_title":"Alles was Sie \u00fcber Kaffeevollautomaten wissen m\u00fcssen","og_description":"Das Infocenter von Coffeemakers.de h\u00e4lt Reparatur- & Bedienungsnaleitungen von Kaffeevollautomaten vor, sowie ein umfangreiches Forum und noch weit mehr.","og_url":"https:\/\/www.coffeemakers.de\/wpcm\/startseite\/","og_site_name":"Coffeemakers Magazin","article_modified_time":"2025-02-26T09:42:53+00:00","og_image":[{"url":"https:\/\/www.coffeemakers.de\/wpcm\/wp-content\/uploads\/2020\/05\/wpcm-repar.jpg","type":"","width":"","height":""}],"twitter_card":"summary_large_image","twitter_misc":{"Gesch\u00e4tzte Lesezeit":"3\u00a0Minuten"},"schema":{"@context":"https:\/\/schema.org","@graph":[{"@type":"WebPage","@id":"https:\/\/www.coffeemakers.de\/wpcm\/startseite\/","url":"https:\/\/www.coffeemakers.de\/wpcm\/startseite\/","name":"Alles was Sie \u00fcber Kaffeevollautomaten wissen m\u00fcssen","isPartOf":{"@id":"https:\/\/www.coffeemakers.de\/wpcm\/#website"},"primaryImageOfPage":{"@id":"https:\/\/www.coffeemakers.de\/wpcm\/startseite\/#primaryimage"},"image":{"@id":"https:\/\/www.coffeemakers.de\/wpcm\/startseite\/#primaryimage"},"thumbnailUrl":"https:\/\/www.coffeemakers.de\/wpcm\/wp-content\/uploads\/2020\/05\/wpcm-repar.jpg","datePublished":"2019-01-04T15:14:50+00:00","dateModified":"2025-02-26T09:42:53+00:00","description":"Das Infocenter von Coffeemakers.de h\u00e4lt Reparatur- & Bedienungsnaleitungen von Kaffeevollautomaten vor, sowie ein umfangreiches Forum und noch weit mehr.","breadcrumb":{"@id":"https:\/\/www.coffeemakers.de\/wpcm\/startseite\/#breadcrumb"},"inLanguage":"de","potentialAction":[{"@type":"ReadAction","target":["https:\/\/www.coffeemakers.de\/wpcm\/startseite\/"]}]},{"@type":"ImageObject","inLanguage":"de","@id":"https:\/\/www.coffeemakers.de\/wpcm\/startseite\/#primaryimage","url":"https:\/\/www.coffeemakers.de\/wpcm\/wp-content\/uploads\/2020\/05\/wpcm-repar.jpg","contentUrl":"https:\/\/www.coffeemakers.de\/wpcm\/wp-content\/uploads\/2020\/05\/wpcm-repar.jpg","width":320,"height":190},{"@type":"BreadcrumbList","@id":"https:\/\/www.coffeemakers.de\/wpcm\/startseite\/#breadcrumb","itemListElement":[{"@type":"ListItem","position":1,"name":"Startseite","item":"https:\/\/www.coffeemakers.de\/wpcm\/"},{"@type":"ListItem","position":2,"name":"Startseite"}]},{"@type":"WebSite","@id":"https:\/\/www.coffeemakers.de\/wpcm\/#website","url":"https:\/\/www.coffeemakers.de\/wpcm\/","name":"Coffeemakers Magazin","description":"","publisher":{"@id":"https:\/\/www.coffeemakers.de\/wpcm\/#organization"},"potentialAction":[{"@type":"SearchAction","target":{"@type":"EntryPoint","urlTemplate":"https:\/\/www.coffeemakers.de\/wpcm\/?s={search_term_string}"},"query-input":{"@type":"PropertyValueSpecification","valueRequired":true,"valueName":"search_term_string"}}],"inLanguage":"de"},{"@type":"Organization","@id":"https:\/\/www.coffeemakers.de\/wpcm\/#organization","name":"Coffeemakers Magazin","url":"https:\/\/www.coffeemakers.de\/wpcm\/","logo":{"@type":"ImageObject","inLanguage":"de","@id":"https:\/\/www.coffeemakers.de\/wpcm\/#\/schema\/logo\/image\/","url":"https:\/\/www.coffeemakers.de\/wpcm\/wp-content\/uploads\/2023\/06\/coffeemakers-logo-2018.png","contentUrl":"https:\/\/www.coffeemakers.de\/wpcm\/wp-content\/uploads\/2023\/06\/coffeemakers-logo-2018.png","width":2723,"height":2723,"caption":"Coffeemakers Magazin"},"image":{"@id":"https:\/\/www.coffeemakers.de\/wpcm\/#\/schema\/logo\/image\/"}}]}},"_links":{"self":[{"href":"https:\/\/www.coffeemakers.de\/wpcm\/wp-json\/wp\/v2\/pages\/592","targetHints":{"allow":["GET"]}}],"collection":[{"href":"https:\/\/www.coffeemakers.de\/wpcm\/wp-json\/wp\/v2\/pages"}],"about":[{"href":"https:\/\/www.coffeemakers.de\/wpcm\/wp-json\/wp\/v2\/types\/page"}],"author":[{"embeddable":true,"href":"https:\/\/www.coffeemakers.de\/wpcm\/wp-json\/wp\/v2\/users\/1"}],"replies":[{"embeddable":true,"href":"https:\/\/www.coffeemakers.de\/wpcm\/wp-json\/wp\/v2\/comments?post=592"}],"version-history":[{"count":327,"href":"https:\/\/www.coffeemakers.de\/wpcm\/wp-json\/wp\/v2\/pages\/592\/revisions"}],"predecessor-version":[{"id":9903,"href":"https:\/\/www.coffeemakers.de\/wpcm\/wp-json\/wp\/v2\/pages\/592\/revisions\/9903"}],"wp:attachment":[{"href":"https:\/\/www.coffeemakers.de\/wpcm\/wp-json\/wp\/v2\/media?parent=592"}],"curies":[{"name":"wp","href":"https:\/\/api.w.org\/{rel}","templated":true}]}}